digit of 2791?
1
What is the hundreds digit of 134?
1
What is the tens digit of 1166?
6
What is the hundreds digit of 13087?
0
What is the thousands digit of 29742?
9
What is the units digit of 133963?
3
What is the hundreds digit of 3532?
5
What is the units digit of 64280?
0
What is the tens digit of 2962?
6
What is the thousands digit of 51336?
1
What is the ten thousands digit of 41663?
4
What is the units digit of 2522?
2
What is the ten thousands digit of 77052?
7
What is the thousands digit of 1181?
1
What is the units digit of 72746?
6
What is the hundreds digit of 8476?
4
What is the units digit of 151078?
8
What is the tens digit of 2693?
9
What is the thousands digit of 1869?
1
What is the tens digit of 1569?
6
What is the tens digit of 1494?
9
What is the hundreds digit of 4412?
4
What is the ten thousands digit of 19217?
1
What is the tens digit of 962?
6
What is the hundreds digit of 3511?
5
What is the hundreds digit of 2586?
5
What is the units digit of 983?
3
What is the tens digit of 32591?
9
What is the hundreds digit of 2700?
7
What is the units digit of 358?
8
What is the hundreds digit of 4993?
9
What is the tens digit of 2248?
4
What is the hundreds digit of 42359?
3
What is the hundreds digit of 6049?
0
What is the ten thousands digit of 26640?
2
What is the thousands digit of 90116?
0
What is the hundreds digit of 447?
4
What is the tens digit of 1171?
7
What is the units digit of 114?
4
What is the tens digit of 913?
1
What is the units digit of 5254?
4
What is the tens digit of 129360?
6
What is the hundreds digit of 102?
1
What is the tens digit of 1033?
3
What is the units digit of 2901?
1
What is the ten thousands digit of 146103?
4
What is the hundreds digit of 306?
3
What is the hundreds digit of 1120?
1
What is the thousands digit of 24882?
4
What is the hundreds digit of 33591?
5
What is the units digit of 543?
3
What is the hundreds digit of 772?
7
What is the units digit of 636?
6
What is the units digit of 1682?
2
What is the thousands digit of 4156?
4
What is the hundreds digit of 2047?
0
What is the hundreds digit of 77087?
0
What is the units digit of 664?
4
What is the thousands digit of 2502?
2
What is the units digit of 5263?
3
What is the units digit of 56658?
8
What is the thousands digit of 10264?
0
What is the thousands digit of 7449?
7
What is the tens digit of 3313?
1
What is the tens digit of 1558?
5
What is the hundreds digit of 37757?
7
What is the thousands digit of 1414?
1
What is the tens digit of 21320?
2
What is the hundreds digit of 221?
2
What is the units digit of 14761?
1
What is the hundreds digit of 336?
3
What is the hundreds digit of 1125?
1
What is the units digit of 4403?
3
What is the hundreds digit of 1302?
3
What is the hundreds digit of 478?
4
What is the thousands digit of 171867?
1
What is the units digit of 11184?
4
What is the hundreds digit of 670?
6
What is the tens digit of 88881?
8
What is the hundreds digit of 3145?
1
What is the thousands digit of 12043?
2
What is the hundreds digit of 6007?
0
What is the hundreds digit of 853?
8
What is the units digit of 49336?
6
What is the units digit of 38?
8
What is the thousands digit of 8833?
8
What is the units digit of 8700?
0
What is the tens digit of 1581?
8
What is the thousands digit of 5151?
5
What is the units digit of 2198?
8
What is the units digit of 51755?
5
What is the thousands digit of 13312?
3
What is the thousands digit of 6919?
6
What is the tens digit of 1236?
3
What is the hundreds digit of 4007?
0
What is the units digit of 2017?
7
What is the thousands digit of 6882?
6
What is the units digit of 130319?
9
What is the ten thousands digit of 24156?
2
What is the hundreds digit of 28385?
3
What is the units digit of 73732?
2
What is the ten thousands digit of 23283?
2
What is the thousands digit of 1817?
1
What is the thousands digit of 7417?
7
What is the thousands digit of 7473?
7
What is the tens digit of 795?
9
What is the tens digit of 2839?
3
What is the hundreds digit of 50421?
4
What is the ten thousands digit of 12416?
1
What is the tens digit of 956?
5
What is the hundreds digit of 194?
1
What is the hundreds digit of 319?
3
What is the units digit of 363?
3
What is the hundreds digit of 9221?
2
What is the hundreds digit of 9700?
7
What is the tens digit of 9802?
0
What is the units digit of 10052?
2
What is the hundreds digit of 45944?
9
What is the hundreds digit of 2301?
3
What is the hundreds digit of 2991?
9
What is the units digit of 414?
4
What is the ten thousands digit of 11813?
1
What is the ten thousands digit of 69059?
6
What is the hundreds digit of 4685?
6
What is the hundreds digit of 1241?
2
What is the thousands digit of 55368?
5
What is the units digit of 2732?
2
What is the units digit of 5873?
3
What is the thousands digit of 1047?
1
What is the tens digit of 1268?
6
What is the hundreds digit of 3987?
9
What is the ten thousands digit of 36777?
3
What is the hundreds digit of 6543?
5
What is the thousands digit of 1410?
1
What is the tens digit of 45849?
4
What is the ten thousands digit of 37916?
3
What is the hundreds digit of 469?
4
What is the hundreds digit of 1543?
5
What is the ten thousands digit of 17032?
1
What is the units digit of 4745?
5
What is the thousands digit of 1623?
1
What is the hundreds digit of 1695?
6
What is the tens digit of 3052?
5
What is the units digit of 17899?
9
What is the ten thousands digit of 20871?
2
What is the hundreds digit of 1154?
1
What is the tens digit of 3147?
4
What is the hundreds digit of 5625?
6
What is the units digit of 9?
9
What is the thousands digit of 89221?
9
What is the units digit of 531?
1
What is the thousands digit of 2837?
2
What is the tens digit of 45899?
9
What is the units digit of 533?
3
What is the tens digit of 501?
0
What is the tens digit of 5782?
8
What is the ten thousands digit of 50031?
5
What is the units digit of 451?
1
What is the tens digit of 5847?
4
What is the units digit of 433?
3
What is the tens digit of 71?
7
What is the hundreds digit of 905?
9
What is the thousands digit of 84640?
4
What is the hundreds digit of 414?
4
What is the tens digit of 690?
9
What is the thousands digit of 13858?
3
What is the units digit of 577?
7
What is the units digit of 293?
3
What is the tens digit of 4546?
4
What is the units digit of 2021?
1
What is the units digit of 11535?
5
What is the tens digit of 11596?
9
What is the tens digit of 271?
7
What is the thousands digit of 139258?
9
What is the units digit of 29734?
4
What is the tens digit of 15213?
1
What is the ten thousands digit of 17587?
1
What is the tens digit of 22071?
7
What is the units digit of 1108?
8
What is the hundreds digit of 6387?
3
What is the hundreds digit of 2060?
0
What is the units digit of 2190?
0
What is the tens digit of 2049?
4
What is the hundreds digit of 165?
1
What is the hundreds digit of 21394?
3
What is the units digit of 1592?
2
What is the tens digit of 73751?
5
What is the thousands digit of 3687?
3
What is the tens digit of 2680?
8
What is the hundreds digit of 69431?
4
What is the hundreds digit of 820?
8
What is the hundreds digit of 996?
9
What is the tens digit of 38723?
2
What is the hundred thousands digit of 107612?
1
What is the thousands digit of 77707?
7
What is the units digit of 6763?
3
What is the hundreds digit of 1308?
3
What is the tens digit of 18071?
7
What is the hundreds digit of 223?
2
What is the hundreds digit of 609?
6
What is the ten thousands digit of 129812?
2
What is the hundreds digit of 32033?
0
What is the thousands digit of 2417?
2
What is the units digit of 6161?
1
What is the hundreds digit of 5545?
5
What is the hundreds digit of 3329?
3
What is the hundreds digit of 2435?
4
What is the units digit of 61597?
7
What is the hundreds digit of 19476?
4
What is the units digit of 2011?
1
What is the thousands digit of 35267?
5
What is the hundreds digit of 2550?
5
What is the hundreds digit of 29734?
7
What is the thousands digit of 1483?
1
What is the thousands digit of 10050?
0
What is the units digit of 40753?
3
What is the tens digit of 1555?
5
What is the thousands digit of 2507?
2
What is the units digit of 393?
3
What is the units digit of 854?
4
What is the tens digit 